f = -9 + 23. Let m be (2/(-2) + 0)*-21. Let t = m - f. What are the prime factors of t?
7
Suppose -45 - 1 = 2*q. List the prime factors of 1/(-2) + q/(-2).
11
Let y(j) = -j**2 - 4*j - 1. Let b be y(-2). What are the prime factors of -20*(15/(-3) + b)?
2, 5
Let x be 1/(-2 + (-27)/(-15)). Let q = -8 - x. List the prime factors of (-3)/q + (-2 - -4).
3
Let n(w) = -w + 12. Let p be n(7). Suppose 4*u + 4*y - 12 = -u, 0 = -5*u + 3*y - 9. Suppose -2*o + p + 13 = u. List the prime factors of o.
3
Suppose -j + 3*j - 6 = 0. Suppose -j*y = -2*k - 30, -y + k + 50 = 4*y. List the prime factors of y.
2, 5
Let i be 6*(21/6 - 0). Let q = 29 + 0. Let y = q - i. What are the prime factors of y?
2
Let i(t) be the second derivative of -t**4/12 + 7*t**3/6 - 5*t**2/2 - 4*t. What are the prime factors of i(5)?
5
Let r = 8 + -10. Suppose 15 = 2*v + 5. Let p = v + r. What are the prime factors of p?
3
Let y(o) = -3*o - 1. Let x(u) = u + 2. Let w be x(-5). Let f = w + 2. What are the prime factors of y(f)?
2
Suppose -3*l = 2*l. Suppose -5*y - 5 + l = 0. List the prime factors of y + 2 + -1 + 2.
2
Let j = -4 - -5. Let c be (6 + -3 - j) + -9. Let t(x) = x**2 + 5*x - 6. List the prime factors of t(c).
2
Suppose 4*f - 4*l + l - 7 = 0, f = 3*l - 5. Suppose -b - 3*m - 4 = -11, -f*m = -5*b + 92. What are the prime factors of b?
2
Let s be (8 + -12)/(3 + -1). List the prime factors of -6 - s - (-53 + 3).
2, 23
Let u = 0 + 14. Suppose 5 - u = -3*z. List the prime factors of z.
3
Suppose 0 = 3*l - 0*l - 57. What are the prime factors of l?
19
Let h = -35 - -67. List the prime factors of h.
2
Suppose 8 = -2*v, 3*c = 2*v + v + 3. Let w be 3 - (9/c + 3). Suppose -k + 4*k = j + 57, 0 = -w*j. List the prime factors of k.
19
Let n(r) = -4*r - 1. Let c(v) = 13*v + 2. Let w(p) = 2*c(p) + 7*n(p). What are the prime factors of w(-6)?
3
Let o(b) = b**3 + 8*b**2 + 6*b - 4. Let p(q) = q**2 + 6*q - 2. Let r be p(-5). List the prime factors of o(r).
3
Let p = -5 - -8. Suppose 3*h + 2 + 4 = p*z, 21 = 2*h + 3*z. What are the prime factors of 3/h*(9 + -1)?
2
Let z(r) = r**3 + 5*r**2 - r - 3. Let c = 2 + -6. List the prime factors of z(c).
17
Let f = -32 + 97. What are the prime factors of f?
5, 13
Suppose -68 = -3*v - 2*h, -v - h + 104 = 4*v. List the prime factors of v.
2, 5
Suppose f + f - 4 = 2*z, -2*z - 4 = -5*f. Let o be -2*z*9/(-12). Let s = 7 + o. List the prime factors of s.
2
Let r = 10 - 4. Let k = r - -2. Suppose i - k - 2 = 0. What are the prime factors of i?
2, 5
Let s(n) = 50*n - 7. List the prime factors of s(2).
3, 31
Let r = 7 - 0. Suppose 24 = 3*m - 3*g, m - 2*g = 3*m - 8. Suppose -r = -o + m. What are the prime factors of o?
13
Suppose 0 = -7*r + 2*r + 50. Let y be (-8)/(-32)*-6*16/3. List the prime factors of 4/(y/r)*-1.
5
Let s(k) = k**3 - 8*k**2 - k + 11. Let g be s(8). Suppose -j + 2 = 5*p - 15, -3*p = -9. What are the prime factors of (-75)/(-10)*j/g?
5
Let k(a) = 2*a**2 + 33*a + 22. List the prime factors of k(-20).
2, 3
Suppose -3 = 2*v - 29. Let z = -3 + v. List the prime factors of z.
2, 5
Let f be (5 - -1)/((-6)/8). Let k = -3 - f. Suppose 0 = -k*h + 10 + 10. List the prime factors of h.
2
Let o(q) = -q + 1. Let w be o(-1). Let c(v) = 0*v + 3 + 3*v - v**2 + 8*v**w + 0*v**3 + v**3. What are the prime factors of c(-6)?
3, 7
Suppose 15 = -0*b + 3*b. List the prime factors of (2 - 27)*(-4)/b.
2, 5
Let l = -82 + 148. Suppose 2*w - l = -w. List the prime factors of w.
2, 11
Suppose 4*h = 6*h - 102. Suppose -3*q - 12 - h = 0. Let z = q - -29. What are the prime factors of z?
2
Let g(w) = -36*w - 2. Let c be g(-1). Let m = -17 + c. What are the prime factors of m?
17
Suppose -t = 2*p - 28 + 3, p - 35 = 4*t. Suppose -2*u + i = u + 32, -5 = -i. Let z = u + p. What are the prime factors of z?
2, 3
Let v(m) = -25*m. Let i be v(1). What are the prime factors of (45/i)/((-1)/15)?
3
Suppose 0 = 4*h + 155 - 195. List the prime factors of h.
2, 5
Let k = -75 - -109. Suppose 2*p + 3*a - 6 + 0 = 0, -4*p = -5*a - k. Let i(b) = 2*b - 7. What are the prime factors of i(p)?
5
Let x(j) = -8*j - 3. What are the prime factors of x(-4)?
29
List the prime factors of 37 - 2*(-1)/(-2).
2, 3
Let t(i) = i + 1. Suppose 4*f + 0 = -2*k - 28, -5*f - k = 32. Let j be 5/5 + (-1 - f). What are the prime factors of t(j)?
7
Let s(o) = -o**2 - 2*o + 5*o**3 + 4*o + 0*o**2. What are the prime factors of s(2)?
2, 5
Let d(z) = 0 + z**2 + 4 + 0 + 2*z - 7*z. Let y be d(4). What are the prime factors of 8 - (2 + y/2)?
2, 3
Let x be (-11)/3 - (-2)/3. Let b be 30/9 + 3/(-9). List the prime factors of x - -5 - -1*b.
5
Let u = 2 + 1. Suppose 0 = -u*i - 2*i + 35. Let w = 14 - i. List the prime factors of w.
7
Let s(b) = 1 + 2 - 1 + 2*b - 3*b. What are the prime factors of s(-2)?
2
Suppose -b + 5*b = 3*s + 26, -22 = -4*b + 5*s. List the prime factors of b.
2
Let n = 9 - -1. Let b = 2 + n. What are the prime factors of b?
2, 3
Let c be -1 + (-3 - (1 + -1)). Let q = 19 + c. Let t = 26 - q. List the prime factors of t.
11
Let m = 95 - 29. Suppose 4*p = 4*c + c + m, 0 = p + 3*c - 25. Suppose -f + 4*i = -p, -f - i - 4 = -3. What are the prime factors of f?
3
Let p = -18 + 8. Let r = 7 - p. What are the prime factors of r?
17
Let w(m) = -m**3 + 6*m**2 + m - 1. Let c be w(5). Let p = 48 - c. What are the prime factors of p?
19
Suppose 2*y + 0*y = 4. Let x(t) = 0*t**y + t**2 + 8*t - 6 + 0*t**2. What are the prime factors of x(-9)?
3
List the prime factors of 0/12 + (-1 - -54).
53
Suppose -536 = -8*r - 0*r. What are the prime factors of r?
67
Let p = 12 - 4. What are the prime factors of p?
2
Let r = 7 - 6. Suppose 0 = 2*l - v - r, 0*l - 5*l = -3*v. Suppose -2*k - l = x - 2, -5*k - 5*x - 15 = 0. List the prime factors of k.
2
Suppose -y + 8*y - 273 = 0. List the prime factors of y.
3, 13
Let c be (-2)/(-9) + 546/(-27). Let f = -6 - c. What are the prime factors of f?
2, 7
Let b(n) = 4*n**2 - 12*n + 31. List the prime factors of b(9).
13, 19
Let y be ((-6)/(-4))/(3/6). Suppose n - 11 = y*n - f, 21 = -3*n + 3*f. Let g = 9 + n. What are the prime factors of g?
5
Let n(a) = -a - 4. Let f be n(-3). What are the prime factors of 7/5*(4 - f)?
7
List the prime factors of 253/4 + 2/(-8).
3, 7
Let s be (-76)/(-18) + (-10)/45. Suppose 148 = s*d + 5*u, 0*d + u = -d + 36. What are the prime factors of d?
2
Let u(r) = -9*r**2 - 1. Let s be u(1). List the prime factors of ((-6)/5)/(4/s).
3
Let y = 0 + 6. What are the prime factors of (57/9)/(2/y)?
19
List the prime factors of 56/6 - 1 - 24/(-36).
3
Suppose -8 = -4*i + 2*i. Suppose i*c = -3*t + 54, 5*t - 4*c - 22 - 36 = 0. What are the prime factors of t?
2, 7
Let h(d) = -d + 3. Let q be h(-6). Let m = q + -3. Suppose m = c + c. What are the prime factors of c?
3
Let a = -8 + 12. Suppose 8 = -2*d, -a*g + 28 + 24 = -4*d. What are the prime factors of g?
3
Suppose -4 = -2*o - n + 8, 5*n = 10. Suppose -4*d + 0*p - o*p = -7, 0 = 4*p + 4. Suppose -d*v = v - 16. List the prime factors of v.
2
Let p(n) = -n**3 - n**2 + 16. Suppose -z + 0*z = 0. What are the prime factors of p(z)?
2
Suppose -2*r + 0*t + 17 = -3*t, 4*r - 10 = -2*t. Suppose r*c = c + 78. What are the prime factors of c?
2, 13
Suppose -d + 6*d - 1445 = 0. List the prime factors of d.
17
Suppose -28 = 3*k + 32. Let m = -1 - k. List the prime factors of m.
19
Suppose 50 = -4*n + 2*u, -n - 3 - 17 = -3*u. Let w = n + 14. List the prime factors of w.
3
Let a = -18 + 16. Let p(q) = -4*q + 3. What are the prime factors of p(a)?
11
Suppose -4*b - 16 = -n, 0 = 4*b - b - 2*n + 12. Let j(r) = -r**3 - 5*r**2 - 5*r - 6. Let v be j(b). List the prime factors of -2 + v*(-39)/6.
11
Let i be 1 + -1 - (2 - 6). Suppose 3*y - i = 8. List the prime factors of y.
2
Let r = 15 - -60. Suppose 2*l - r = -3*c, -l + 2*c + 39 = 5. Suppose -6*i = -3*i - l. What are the prime factors of i?
2, 3
Suppose 806 - 239 = 9*y. What are the prime factors of y?
3, 7
What are the prime factors of 477/(-6)*12/(-18)?
53
Let o(a) = a + 14. What are the prime factors of o(0)?
2, 7
Suppose 11*f = 898 + 1368. List the prime factors of f.
2, 103
Suppose c - 32 = -0*c. Suppose -3*x = 3*y - 9, 6*y - 15 = y + 2*x. Suppose 2*g = y*p - c, p + 5*g + 4 + 8 = 0. List the prime factors of p.
2
Let v(p) = p**3 + 4*p**2 + 5*p + 2. Let h be v(-3). Let j = -73 - -43. List the prime factors of h/